greatest common factor of z and 19980?
27
Suppose -70*l = -17655 - 234275. What is the highest common divisor of 366 and l?
61
Suppose 19 + 32 = 17*r. Let w(t) = 0 + 79*t**2 - t - 4 - 82*t**2 + t**r - 2*t. Let c be w(5). What is the greatest common factor of 248 and c?
31
Suppose -8*p - 142 = -2*v - 7*p, 0 = -v + 5*p + 62. Suppose 2*d = 4*x + 7*d - v, 0 = x - d - 18. Calculate the greatest common divisor of x and 36.
18
Suppose -370 = -15*l + 5*l. Suppose l*w = 34*w + 765. What is the highest common factor of w and 51?
51
Let x(m) = m**3 + 14*m**2 + 16*m + 29. Let i be x(-13). Let c be ((-725)/10 + 1)*i. What is the highest common factor of 65 and c?
65
Suppose 4*d - 2*j + 112 - 620 = 0, -548 = -4*d - 3*j. Calculate the highest common factor of 36287 and d.
131
Let i(x) = -9*x + 53. Let z be i(5). Suppose 17*c - z*c = 306. Let s = 109 + -75. What is the greatest common factor of s and c?
34
Let y be 520370/306 + 20/45. Calculate the greatest common factor of y and 105.
21
Suppose -2*u + 32 = 4*c, 0*c - 3*u = c - 13. Suppose c*j - 12*j + 180 = 0. What is the highest common factor of 24 and j?
12
Let k(p) = 15*p**2 - 24*p - 4. Let j be k(3). Let d be j - (3 + -4 - -3). Calculate the greatest common divisor of 171 and d.
57
Let x be 0 - (8072/(-6))/(7/84). What is the greatest common factor of x and 16?
16
Suppose 8*k - 9*k + 110 = 0. Suppose -k*z + 102*z + 208 = 0. Calculate the greatest common divisor of 13 and z.
13
Let i(k) = k + 24. Let r be i(0). Suppose 3*z = z + r. Suppose -8*g + z = -2*g. Calculate the greatest common factor of g and 1.
1
Suppose -26*u - 323 = -9*u. Let q be (-13)/26 + u/(-2). Let g = 165 + -93. What is the greatest common factor of q and g?
9
Let y(v) = 57*v + 11533. Let u be y(-199). Let c(k) = 9*k**2 - 3*k + 4. Let l be c(3). What is the highest common factor of u and l?
38
Let a be (4 - (-196)/(-14)) + 706. Let h = 5 + -3. Suppose 4*g + h*j = a, 4*g + j - 708 = 2*j. What is the highest common divisor of 16 and g?
16
Suppose m + 2*i = -13, -5*i + 25 = -5*m - 7*i. Let w be 144/32*(-70)/m. Calculate the highest common divisor of w and 135.
15
Suppose 0 = k - 5*s + 17, -3*k + 2*s + 0 + 1 = 0. Suppose k*m = -645 + 735. Suppose 7*g - 2*g - 30 = 0. What is the highest common factor of m and g?
6
Let g(v) = -1811*v + 148. Let s be g(0). Calculate the greatest common factor of s and 13172.
148
Let t = 56 + -51. Suppose -j + 55 = t*h, 3*h + 3*j - 8 - 13 = 0. Calculate the highest common factor of 32 and h.
4
Let n = 86 + -77. Let w be 6/(15/(-225)*15/(-6)). What is the greatest common factor of n and w?
9
Let l = -107 - -382. Let v = -1545 + 1556. What is the greatest common factor of v and l?
11
Let l(v) = v**3 + v**2 - 2*v. Let a be l(5). Let g = -210 + a. Let b = -48 - g. Calculate the greatest common divisor of 121 and b.
11
Suppose -25*c + 16586 = -45634 - 47030. Calculate the highest common factor of c and 19.
19
Let u be 0 - (-1)/((-5)/450). Let f be ((-16)/(-24))/((-1)/u). Calculate the highest common divisor of 150 and f.
30
Suppose -2*t - 115 + 445 = 0. Let r be -1 - (106/3)/(2/(-3)). Let w = r - 37. What is the highest common factor of t and w?
15
Let c = 195 + -192. Suppose -2*n = 10, 0 = 4*m - n + c*n - 50. Calculate the greatest common divisor of 105 and m.
15
Let c(g) = g**3 + 24*g**2 + 30*g + 75. Let u be c(-23). Let i = 109 + u. Let h be (-6)/(0 - 2/69). Calculate the greatest common factor of i and h.
23
Let w(c) = -c**3 - 34*c**2 + 2*c + 70. Let f be w(-34). Suppose 33 = -4*d + 113. Calculate the highest common factor of d and f.
2
Suppose -b + 4 = 4*f, 3*b - b - 3 = -3*f. Suppose -4*z + 9 + 11 = b. Let c be 43 - (-2*3/3 + z). Calculate the greatest common factor of c and 20.
20
Suppose -3*y + 9 = -5*z + 64, -5*y + 44 = 4*z. Suppose -z = -4*x + 13. Let t be 40/(-15)*x/(-4). What is the highest common factor of 4 and t?
4
Suppose -9399 = 30*j - 27099. What is the highest common factor of j and 1298?
118
Suppose 11*n - 9*n = -3*c + 14, -c + 6 = n. Let i be -32*(0 - 6/8). Suppose -3*z = -b - i, -z + n*z = 2*b + 21. What is the highest common factor of 3 and z?
3
Let r = 502 - 507. Let w(l) = -1. Let d(i) = -29*i - 15. Let u(g) = d(g) - 2*w(g). Let f be u(r). Calculate the greatest common divisor of 12 and f.
12
Let q(t) = -t + 6. Let v(l) = l - 6. Let i(g) = -2*q(g) - 3*v(g). Let k be i(0). Calculate the greatest common factor of 8 and k.
2
Suppose 3*l = 238 + 35. Let u be (-3*(-4)/(-6))/(20 + -21). Suppose -2*t - 6 = -b - t, b = -u*t + 9. What is the greatest common divisor of b and l?
7
Suppose 0 = -200*b + 187*b + 9945. Calculate the highest common factor of b and 60.
15
Suppose 0 = -5*k + 35. Suppose 11*h = -k*h + 396. Let w = 187 - -99. Calculate the highest common divisor of h and w.
22
Let a be (404/(-5))/((-70)/525). Suppose 0 = j + 5*l - 8*l - a, 1790 = 3*j - 2*l. Calculate the greatest common factor of j and 22.
22
Suppose -5*r + 53 = -n, -2*n + 4*r = 2*r + 106. Let w = 58 + n. Let g = 20 + -18. What is the greatest common divisor of w and g?
1
Let h be -53 + 45 - (2 + -20). Let j(z) = 4*z**3 + 5*z**2 - 4*z. Let y be j(4). What is the greatest common factor of h and y?
10
Let w = -9 + 2. Let f(g) = -g**3 - 7*g**2 + g + 6. Let a be f(w). Let d be (6/4 + a)*(116 + 4). What is the greatest common divisor of 15 and d?
15
Suppose 74*i - 3969 = -1157. Calculate the greatest common factor of i and 4598.
38
Let c be 720/56*14/3. Let f be 8/2*2/2. Suppose -4*i + 10 = 3*k - c, 3*k + 82 = f*i. Calculate the highest common divisor of 19 and i.
19
Suppose -7*w + 4*n = -5*w - 12, 2 = -2*n. Let h(l) = -7*l + 138. Let j be h(w). What is the highest common factor of 10 and j?
10
Suppose -304 = -496*u + 495*u. Suppose 5*z + j = -j + 778, -2*z = -j - u. What is the highest common divisor of z and 88?
22
Let j = 101 - 96. Suppose -7*u = -37 - j. Calculate the highest common divisor of 84 and u.
6
Let b(g) = 50*g + 5426. Let f be b(-107). Suppose 0 = 2*d + 4*d - 114. What is the highest common factor of f and d?
19
Let b be 40/60 - (-68)/6. Suppose 0 = -97*m + 102*m - 180. What is the greatest common divisor of b and m?
12
Let j(u) = 21*u**3 - 5*u**2 - 4*u + 7. Let a be 82/(-369) - (-2 - (-6)/(-27)). Let x be j(a). Calculate the greatest common factor of x and 126.
21
Let f = -19 + 35. Suppose 8 + f = 2*z. Let o = 375 + -345. What is the greatest common factor of o and z?
6
Suppose -15 = -5*p, 3*z + 15*p - 210 = 14*p. Let c(h) = 5*h - 5. Let i be c(24). Calculate the highest common factor of z and i.
23
Let x be (16/6)/(2/6). Suppose -2*d - 38 = -3*v - 211, -d + 3*v + 85 = 0. What is the highest common divisor of x and d?
8
Let y be -11 + 5 - (-12)/4. Let q be 26 - ((-24)/4 - y). What is the greatest common divisor of 319 and q?
29
Let p = -14 + 40. Suppose -3*k - 3*v - 469 = k, -330 = 3*k - 5*v. Let b = k - -128. What is the highest common factor of p and b?
13
Let s = 21701 + -21665. Calculate the greatest common factor of s and 819.
9
Let y(h) = -216*h - 2408. Let z be y(-13). What is the greatest common factor of z and 2775?
25
Let d be ((-464)/12)/((-12)/9). Suppose -17*n - d = -7696. Calculate the highest common divisor of n and 41.
41
Suppose -44*p + 8509 = -2139. Calculate the greatest common divisor of 8 and p.
2
Let j(d) = d**2 + 10*d + 30. Let m be j(-5). Suppose m*b - 832 = -4*a, 2*b - 158 = -5*a + 168. What is the greatest common factor of b and 224?
56
Let m be (5/(15/(-2)))/(6/(-36)). Suppose -5*p - 365 - 1346 = -m*h, -p + 1269 = 3*h. Calculate the greatest common divisor of h and 53.
53
Suppose -8*c + 1661 = 573. Calculate the greatest common factor of c and 986.
34
Suppose 3*s - 48 = -2*v, 2*v + 87 = 4*s - 3*v. Let r be ((-1)/1)/((-3)/s). Let b be (-708)/(-15) + 20/25. What is the highest common factor of b and r?
6
Let y be 2/22*70686/238. What is the greatest common factor of y and 7857?
27
Suppose -q + 5*q + 3*w = 1088, 1363 = 5*q + 3*w. Let a = -269 + q. Calculate the greatest common factor of 114 and a.
6
Suppose 28140*l + 1248 = 28148*l. What is the highest common factor of l and 338?
26
Suppose r + 81 - 82 = -2*u, 2*u - 7 = -3*r. Suppose 0 = 3*m + r*f - 75, -3*m + 4*f + 85 = -4. Calculate the greatest common factor of m and 216.
27
Let h(n) = -11*n + 65. Let q(a) = -22*a + 131. Let f(y) = -13*